ctor of 328 and 7856830.
82
Calculate the highest common divisor of 420 and 9343824.
84
Calculate the highest common factor of 65920 and 333436544.
13184
What is the greatest common factor of 4740710898 and 2387?
2387
What is the greatest common divisor of 25925 and 130475?
425
What is the highest common factor of 19530446 and 104?
26
Calculate the highest common factor of 240826 and 3.
1
What is the highest common divisor of 475 and 5041099?
19
Calculate the highest common divisor of 2714796 and 8316.
756
What is the highest common factor of 242248 and 120696?
856
What is the greatest common divisor of 105506 and 205811?
743
What is the greatest common divisor of 182299 and 207311?
481
What is the highest common factor of 3029476 and 41752?
1228
What is the greatest common divisor of 6426 and 255675852?
918
What is the greatest common factor of 2051 and 48396568?
293
Calculate the greatest common factor of 2057462 and 323818.
902
Calculate the greatest common divisor of 246741822 and 1269.
1269
Calculate the greatest common factor of 1365 and 141303045.
195
Calculate the highest common divisor of 27 and 6221271.
3
Calculate the greatest common factor of 2340094 and 36138.
634
What is the greatest common factor of 15416658 and 5922?
846
Calculate the highest common divisor of 8802 and 2171649.
489
What is the greatest common divisor of 604693 and 11637?
431
What is the highest common divisor of 7100 and 136600?
100
Calculate the greatest common divisor of 8 and 206488632.
8
What is the highest common factor of 3246988 and 56?
4
Calculate the greatest common divisor of 5 and 591797935.
5
Calculate the highest common divisor of 160280 and 259920.
40
Calculate the highest common factor of 156159 and 1152.
9
What is the highest common factor of 605 and 1893219845?
605
What is the greatest common divisor of 15111592 and 4771?
367
Calculate the greatest common factor of 20802881 and 22.
11
Calculate the greatest common divisor of 182 and 9153508.
182
What is the highest common factor of 64484320 and 21472?
1952
Calculate the greatest common divisor of 68540 and 25820.
20
Calculate the highest common divisor of 1232062 and 104.
26
Calculate the highest common factor of 17880 and 3512640.
120
Calculate the highest common factor of 317425772 and 2140.
428
What is the highest common factor of 35 and 185604650?
35
What is the highest common divisor of 425536 and 6592?
64
Calculate the highest common divisor of 294 and 8274966.
42
Calculate the greatest common divisor of 1175840 and 4000.
160
Calculate the highest common factor of 1 and 140559863.
1
What is the greatest common divisor of 27044774 and 51418?
1094
What is the highest common factor of 422 and 1539803095?
211
Calculate the greatest common factor of 28589 and 238769.
113
What is the highest common factor of 18 and 316377981?
9
Calculate the greatest common factor of 36250038 and 4752.
594
What is the greatest common factor of 396738 and 2370?
474
Calculate the highest common factor of 13880701 and 387.
43
What is the highest common factor of 41257722 and 15180?
1518
Calculate the greatest common divisor of 288271 and 8722.
89
What is the highest common factor of 1923120 and 56560?
80
What is the highest common divisor of 726 and 2070561?
3
Calculate the greatest common factor of 150937 and 2831.
149
What is the greatest common divisor of 408078 and 6831?
297
What is the highest common factor of 68552 and 2045806?
38
Calculate the greatest common divisor of 15176 and 1320583.
271
Calculate the highest common divisor of 973775 and 20900.
275
Calculate the greatest common factor of 7742 and 6711366.
158
Calculate the highest common divisor of 3851238 and 9.
3
Calculate the greatest common divisor of 38527 and 43247.
59
Calculate the greatest common factor of 40494704 and 67064.
664
What is the highest common factor of 1054 and 408704?
62
What is the highest common divisor of 133280229 and 2671?
2671
What is the greatest common divisor of 74505912 and 1560?
312
Calculate the greatest common divisor of 6664 and 34899368.
6664
What is the highest common divisor of 19526 and 210155334?
1502
Calculate the highest common factor of 56124 and 30933.
9
What is the highest common factor of 17710288 and 27768?
712
Calculate the highest common divisor of 15332 and 5159218.
7666
Calculate the highest common divisor of 487006524 and 18.
18
Calculate the highest common factor of 500860260 and 180.
180
What is the greatest common divisor of 641536 and 26850?
358
What is the highest common factor of 9660 and 5664540?
420
Calculate the greatest common divisor of 113057748 and 4.
4
Calculate the highest common divisor of 264404 and 1729.
133
Calculate the highest common divisor of 37459672 and 72553.
5581
What is the highest common divisor of 3081 and 7202667?
237
Calculate the greatest common factor of 176 and 946099.
11
Calculate the highest common factor of 13370 and 41090.
70
Calculate the greatest common factor of 2700 and 301995.
135
Calculate the greatest common factor of 15 and 232889769.
3
Calculate the greatest common factor of 92474992 and 8.
8
Calculate the highest common divisor of 96 and 1482006.
6
What is the highest common divisor of 56 and 39168080?
56
What is the greatest common factor of 1494 and 1324846?
166
What is the greatest common divisor of 265437744 and 10032?
528
Calculate the highest common divisor of 273 and 1634087.
91
Calculate the highest common factor of 130210900 and 28976.
7244
Calculate the greatest common factor of 2675 and 304032475.
2675
Calculate the highest common factor of 52986 and 81078.
6
What is the greatest common factor of 37676011 and 41311?
379
What is the highest common divisor of 4259969 and 27875?
223
What is the highest common factor of 3952663 and 131?
131
What is the highest common factor of 80 and 107081870?
10
What is the highest common divisor of 21 and 2938278?
21
What is the greatest common divisor of 1948 and 734640?
4
Calculate the greatest common factor of 14824320 and 24192.
2688
Calculate the highest common factor of 72 and 266949.
9
What is the greatest common divisor of 870336 and 760?
8
Calculate the greatest common divisor of 659604449 and 7858.
3929
Calculate the highest common divisor of 24676928 and 1258.
1258
What is the highest common divisor of 2658750 and 7950?
150
What is the highest common divisor of 5185 and 2065755?
85
Calculate the highest common factor of 40261760 and 4480.
4480
Calculate the highest common factor of 2127 and 3144.
3
What is the greatest common factor of 384993 and 2425?
97
Calculate the greatest common divisor of 501583914 and 5652.
2826
Calculate the greatest common factor of 10470 and 105820.
10
What is the greatest common factor of 394763688 and 4752?
792
What is the highest common divisor of 7776 and 28737360?
144
What is the greatest common divisor of 7557 and 20610?
687
Calculate the highest common factor of 1978 and 1135211.
23
What is the greatest common divisor of 426 and 10180761?
213
What is the highest common divisor of 1695 and 661875465?
1695
What is the highest common divisor of 884428 and 4572?
508
What is the highest common divisor of 340 and 789905?
85
Calculate the greatest common divisor of 7553 and 3960511.
83
What is the highest common divisor of 444 and 13907967?
111
Calculate the greatest common factor of 27162 and 3546558.
54
Calculate the greatest common factor of 6800 and 876860.
340
What is the highest common factor of 86215 and 305?
5
Calculate the highest common factor of 237 and 153.
3
What is the greatest common factor of 1302290366 and 5564?
2782
Calculate the greatest common divisor of 143273 and 8343.
103
Calculate the highest common factor of 90 and 5377370.
10
Calculate the greatest common factor of 14981197 and 21112.
203
Calculate the highest common divisor of 278 and 712991882.
278
What is the greatest common divisor of 89415056 and 47?
47
What is the highest common factor of 737606642 and 34?
34
What is the greatest common factor of 407571989 and 8822?
4411
What is the greatest common divisor of 78190 and 2625?
35
Calculate the highest common divisor of 71893 and 48229.
17
What is the highest common divisor of 132787715 and 5?
5
What is the highest common factor of 7863